 1549 + -1008. Is o a composite number?
False
Let z be (6/9)/((-4)/30). Is (z - (-2 - 1)) + 81 a composite number?
False
Suppose -2*d + 1246 = -4752. Is d composite?
False
Let i(m) = m**2 - m - 5. Let v(n) = n**2 - n - 4. Let j(l) = -4*i(l) + 5*v(l). Let b be j(5). Let z = b - 5. Is z composite?
True
Let b = 17 + -14. Suppose r + b*u = 296, 3*r - 2*u - 881 = -4*u. Is r a composite number?
False
Suppose 182 = -2*s + 4*s. Is s prime?
False
Suppose -2*f = 3*q - f - 159, 3*q - 5*f - 159 = 0. Is q prime?
True
Let x = 42 - -251. Is x composite?
False
Let w = 1801 + -846. Is w a prime number?
False
Suppose 3*u + 2*h = 172, 5*u - 2*h = -5*h + 287. Is u composite?
True
Suppose -3*t + 64 + 2837 = 0. Is t prime?
True
Let f(y) = -2*y**3 - 9*y**2 + 6*y - 3. Is f(-8) composite?
False
Suppose -g + p - 11 = -4*g, -3*g + 16 = 2*p. Suppose -g*j + 115 + 55 = 0. Is j a prime number?
False
Suppose -4 = 4*n - 12, 4*y + 4*n - 3516 = 0. Is y a prime number?
True
Let z(y) = 3*y**3 - 2*y**2 + 7*y - 1. Is z(4) a prime number?
False
Let u(c) = c**3 + 23*c**2 + 4*c + 7. Is u(-10) prime?
False
Let o(x) = 93*x**2 - 2*x + 3. Is o(2) a prime number?
False
Suppose -2814 = -7*w + w. Is w prime?
False
Suppose 27 = -5*b - 63. Let z = b - -83. Is z composite?
True
Let r(m) = 39*m**2 + 2*m - 2. Let s be r(2). Suppose -10 = 4*c - s. Is c composite?
False
Suppose 0 = p - 0 + 1, -2*x - p + 5 = 0. Suppose -2*f = -2*q - x*f + 74, -4*f = -5*q + 198. Is q a prime number?
False
Let o(b) = -b**2 - 11*b + 4. Let g be o(-11). Suppose 4*c - g*a = -c + 1655, -3*a - 342 = -c. Is c a composite number?
True
Is 3*2195/30*4 a composite number?
True
Suppose 0 = k - 2 - 2. Suppose -2*q - a + 14 = -2, -k*q = -a - 26. Suppose -2*b + 3*b = q. Is b composite?
False
Let i be 4/10 - 16/(-10). Suppose 150 = 4*a - z - i*z, 0 = 4*z + 8. Is 8/a - 338/(-18) a composite number?
False
Suppose 5*s + 25 = -0*s. Is ((-1)/(-1))/(s/(-185)) prime?
True
Let y = 7 + -6. Is (y + -2 + 27)*1 a prime number?
False
Let r(g) = 7*g**2 + 6*g - 2. Is r(-5) a composite number?
True
Suppose 5*g - 36 = -0*o + o, -20 = -2*g - o. Let y = g - 4. Suppose 0 = -t + 5 + y. Is t composite?
True
Let o = 6 - 6. Suppose -2*l + 30 + 16 = o. Is l a prime number?
True
Suppose -11*n = -13*n + 2722. Is n prime?
True
Let z(u) = -82*u - 2. Let i be z(-13). Suppose i = 3*o + 275. Is o prime?
True
Is 13/(-52)*1528/(-2) composite?
False
Suppose 0 = n - z - 17, -n - 2*n + z + 55 = 0. Is n a composite number?
False
Suppose 2*i = 4*i + 5*g + 75, 3*i + 4*g + 95 = 0. Is (-1)/(26/i + 1) prime?
False
Let s(w) = -w**2 - 2*w + 2. Let b be s(-3). Is -1 - b - -40 - 3 a prime number?
True
Suppose -y - 2*o + 13 = 0, 3*o = 4*y - 2*o + 13. Suppose g + y*t - 153 = 0, -3*t = g - 4*g + 411. Is g a prime number?
False
Suppose -6 - 19 = -u. Let g = 61 - u. Suppose l - 19 = g. Is l prime?
False
Let w = -33 - -63. Let p(q) = 2*q**2 - 3*q + 2. Let c be p(-5). Let b = w + c. Is b a composite number?
False
Let l(k) = -k**3 - 6*k**2 + 6*k + 2. Let r be -6 + 1 + -2*2. Is l(r) a prime number?
True
Suppose -669 = -5*f + 3*z, -46 = 3*f - z - 449. Suppose -r - 3*g + 77 + f = 0, 3*r - 623 = 4*g. Suppose 0 = -v + n - 5*n + 41, -4*v - n + r = 0. Is v prime?
True
Let u = 44 - 76. Let q = u - -90. Is q a composite number?
True
Let f be ((-8)/10)/(2/(-15)). Suppose -f*q + 595 = -q. Is q a prime number?
False
Let f = 2227 + -1013. Is f a composite number?
True
Suppose 4*u - 20 = -n, -5 = u - 2*u - 5*n. Suppose k = -0*k + 146. Suppose -k = -u*q + 119. Is q prime?
True
Let k be (9/(-6)*-538)/1. Suppose -5*z - k - 638 = 0. Let w = -78 - z. Is w prime?
True
Suppose -3*g + 19 - 7 = 0. Suppose g*k - 3089 = 2451. Is k a composite number?
True
Let m be ((-16)/(-12))/2*2877. Suppose 0 = -2*h, 0 = -2*f + 4*f - 3*h - m. Is f a composite number?
True
Let o(w) = w + 2. Let u be o(-5). Let m = 4 - u. Suppose -3*r + m*r - 628 = 0. Is r composite?
False
Let q(n) = -17*n**3 + 5*n**2 + 4*n - 1. Is q(-3) prime?
True
Suppose 3453 = -30*r + 33*r. Is r a composite number?
False
Let f(y) = -7*y**3 + 13*y**2 - 7*y - 3. Let d(n) = -4*n**3 + 7*n**2 - 4*n - 2. Let k(g) = 5*d(g) - 3*f(g). Let r = 0 - -4. Is k(r) prime?
True
Let i be -2 - 183 - (-3 - -1). Is i/(-5) - 12/(-30) prime?
True
Suppose p = -4*r - 0*r + 10, 29 = 5*p - r. Let y be (p/9)/(4/6). Let z = y - -1. Is z a prime number?
True
Let c = 43 + 72. Suppose -43 = 2*h + 9. Let q = h + c. Is q prime?
True
Suppose 10*q = 15893 + 20757. Is q a composite number?
True
Suppose 4*i = i + 69. Is i composite?
False
Let r = -787 + 1530. Is r a composite number?
False
Let g(v) = 2*v**2 - 4*v + 1. Let h(q) = -q**3 + 5*q**2 - 5*q - 2. Let k = -1 - -5. Let d be h(k). Is g(d) a composite number?
False
Suppose 0 = -m - 2*m + 1317. Is m composite?
False
Let a(i) = 21*i**3 + i**2 - 3*i + 1. Is a(4) composite?
True
Suppose 0 + 17 = 3*g - 4*b, 5*g - 3*b - 21 = 0. Suppose 5*z - g*z - 382 = 0. Is z a prime number?
True
Suppose -3*b = -2*b - 21. Let l = b + 26. Suppose 2*t = l + 51. Is t a prime number?
False
Let v(t) = 40*t**2 + t. Let m be v(1). Suppose 0 = 4*l + m - 101. Is l a prime number?
False
Suppose 2*l - z = 1018, 0 = 3*l - z - 3*z - 1527. Is l a prime number?
True
Suppose 76 = -4*o + 3*b - 7*b, -4*o - 2*b = 68. Suppose 4*m = -3*a - a + 96, a + 1 = 0. Let d = o + m. Is d a prime number?
False
Let x = 1344 + -758. Is x a composite number?
True
Suppose 0 = 3*p - 2*l - 11, -4*l - l = 5. Suppose p*v - 21 - 18 = 0. Is v a composite number?
False
Let h = 13 - 6. Is h a prime number?
True
Let m = 10 - 6. Suppose i - 2 = 0, m*i = 2*l - 70 + 4. Is l prime?
True
Suppose -2*v - 2325 - 748 = -3*w, w - 1047 = -5*v. Is w a prime number?
False
Let a = 30 - 41. Let s(d) = -6*d + 13. Is s(a) prime?
True
Suppose -2*u = -2*t + 4916, -4*u = 3*t - 2*u - 7399. Is t composite?
True
Let r(l) = l**3 - l + 17. Let v be r(0). Let m = v + 13. Let c = m - 16. Is c composite?
True
Suppose 3*c = -0*c + 24. Suppose 0 = z - c - 23. Is z a prime number?
True
Let h = -3 + -2. Let a(n) = -59*n + 4. Is a(h) prime?
False
Let d(n) = -n**3 + 4*n - 10. Is d(-7) composite?
True
Suppose 2*d - 9685 = -5*u, 2*u - 3874 = -2*d - 0*d. Is u a composite number?
True
Let g be ((0 + -1)*0)/2. Suppose g = 2*m - 1397 - 1673. Is m prime?
False
Is (-1)/(((-1)/(-1282))/(1/(-2))) a prime number?
True
Let p = 11 + -8. Suppose 6*n + 1600 = 5*d + p*n, -2*d - 5*n = -671. Is d a prime number?
False
Suppose -8*o = -3*o - 2605. Is o composite?
False
Let b = 7 - 5. Suppose -b*v - 4*l + 170 = 0, v + l + 2 = 89. Is v a prime number?
True
Suppose 2*g = 0, 4*g = -4*f + 3*f + 440. Suppose -5*w + 305 = -f. Is w prime?
True
Suppose 2*r = r + 143. Is r a prime number?
False
Suppose -2*j = -45 + 3. Is ((-16)/12)/((-2)/j) prime?
False
Let t(n) = n**2 - 2*n + 3. Let b be t(3). Suppose 4*j = 2 + b. Suppose -5*d - 94 = -4*c + 530, 318 = j*c - d. Is c composite?
True
Let n(p) = 574*p + 3. Is n(2) a prime number?
True
Let c(f) = 15*f + 5. Is c(20) a composite number?
True
Let j(f) = -f**3 + f**2 + f + 3. Let y be j(0). Suppose -4*l + 2*l - 2 = y*t, t + 2*l + 2 = 0. Suppose t = h + 2*o - 23, 0 = 3*h + 2*o - 58 + 9. Is h composite?
False
Suppose 0 = c + 3*h - 83, -3*c + 130 + 133 = -5*h. Suppose -2*g + c = -g - l, -283 = -3*g - 2*l. Is (g/2)/(2/4) prime?
False
Let g(v) = -v**2 - 2*v - 1. Let h be g(-2). Is 262 + 4*h + 1 a prime number?
False
Let x = 3887 + -276. Is x prime?
False
Is (1255/20)/((-2)/(-8)) a composite number?
False
Let b = -127 - -606. Is b composite?
False
Suppose 20 = -s + 85. Is s a composite number?
True
Suppose -3*t + 27 = 3*r, -3*t + 0*r = r - 33. Is (-8)/t + (-605)/(-3) prime?
False
Suppose 5*s + 0 - 15 = 0, 0 = -5*o - 5*s + 235. Is ((-5)/2)/((-2)/o) a composite number?
True
Is ((-16)/(-16))/(2/434) a composite number?
True
Let h(i) = 96*i**2 + 5*i - 2. Is h(3) a composite number?
False
Suppose 5*y = 4*y - 2. Let o(i) = 13*i - 3. Let m(p) = -65*p + 16. Let g(h) = y*m(h) - 11*o(h). Is g(-6) a prime number?
True
Suppose h - 727 + 200 = 2*w, 5*h - 2623 = -2*w. Let r = h - 340. Is r composite?
True
Suppose -4*g + 12 = -7*g. Let k be g/(3 + -1*2). Is (7/(-4))/(k/16) a prime number?
True
Let v = 2699 - 1238. Is v prime?
False
Let z = -8 - -53. Suppose 5*i - z = -2*q, 2*q - 2*i - 8 = 2. Is 1108/q - 1/(-5) composite?
True
Let a(d) = 2*d